d 16984?
88
Calculate the greatest common factor of 232 and 60436.
116
What is the highest common divisor of 354720 and 24480?
480
What is the highest common divisor of 940 and 25474?
94
Calculate the greatest common factor of 36 and 32607.
9
Calculate the highest common divisor of 3402 and 31914.
162
Calculate the greatest common factor of 684 and 118161.
171
What is the greatest common divisor of 49520 and 5?
5
What is the highest common factor of 26117 and 157339?
637
What is the greatest common factor of 1026 and 10583?
19
What is the greatest common factor of 5498974 and 52?
26
What is the greatest common divisor of 13870 and 2090?
190
What is the highest common factor of 56536 and 1910?
382
What is the greatest common factor of 488 and 9577?
61
What is the greatest common divisor of 24 and 1720?
8
What is the greatest common divisor of 11303 and 712?
89
Calculate the greatest common factor of 2431 and 61659.
221
Calculate the greatest common factor of 20 and 65990.
10
What is the greatest common factor of 815 and 50041?
163
What is the highest common factor of 289 and 24803?
17
What is the highest common divisor of 11750 and 30315?
235
What is the greatest common factor of 80 and 4690?
10
What is the highest common factor of 70 and 70945?
35
What is the highest common factor of 183 and 49227?
183
Calculate the greatest common divisor of 54930 and 30.
30
Calculate the highest common divisor of 105 and 7935795.
105
Calculate the highest common factor of 270 and 14870.
10
What is the highest common divisor of 56 and 441238?
14
Calculate the highest common divisor of 2072 and 392.
56
What is the highest common factor of 238 and 400078?
238
Calculate the highest common factor of 23283036 and 252.
252
What is the greatest common divisor of 13920 and 657120?
480
What is the greatest common factor of 5831 and 646?
17
What is the highest common factor of 612 and 17476?
68
Calculate the greatest common factor of 9324 and 40108.
148
What is the highest common factor of 712566 and 1395?
279
Calculate the highest common divisor of 14328 and 1800.
72
What is the highest common factor of 3930 and 330906?
786
Calculate the highest common divisor of 6 and 563730.
6
Calculate the highest common factor of 4740 and 480.
60
Calculate the greatest common factor of 385 and 1052513.
77
What is the greatest common divisor of 12029 and 4184?
523
Calculate the highest common divisor of 168258 and 348.
174
Calculate the highest common divisor of 78 and 758199.
39
Calculate the highest common divisor of 3971 and 4180.
209
Calculate the highest common factor of 2032 and 524002.
254
Calculate the greatest common factor of 18 and 766764.
18
Calculate the highest common factor of 34089 and 307834.
1033
What is the highest common factor of 823867 and 143?
11
Calculate the greatest common divisor of 2296288 and 5256.
584
What is the highest common factor of 4164 and 249146?
694
What is the highest common factor of 1807430 and 244?
122
Calculate the greatest common factor of 733086 and 278.
278
What is the highest common factor of 1181721 and 5423?
493
What is the greatest common divisor of 595 and 10570?
35
Calculate the greatest common factor of 78384 and 2001.
69
What is the highest common divisor of 711 and 42669?
9
What is the highest common divisor of 13022 and 374?
34
What is the highest common divisor of 8035 and 10?
5
Calculate the highest common factor of 4624 and 62713.
289
What is the highest common factor of 1360083 and 444?
111
What is the greatest common factor of 2180909 and 1091?
1091
What is the highest common factor of 25 and 114075?
25
Calculate the highest common divisor of 1087 and 448931.
1087
Calculate the highest common divisor of 5610 and 57630.
510
What is the greatest common divisor of 48621 and 171?
57
Calculate the greatest common divisor of 1790 and 1074.
358
Calculate the greatest common factor of 196 and 3444.
28
Calculate the highest common divisor of 68 and 10795.
17
What is the highest common factor of 16516 and 12?
4
What is the highest common factor of 11526 and 2856?
102
Calculate the greatest common factor of 169 and 15795.
13
What is the highest common factor of 551 and 3625?
29
Calculate the greatest common factor of 16994 and 97862.
586
What is the greatest common divisor of 2653 and 31457?
379
What is the greatest common divisor of 275868 and 388?
388
Calculate the greatest common divisor of 456 and 600.
24
What is the highest common divisor of 2618 and 894608?
374
What is the highest common divisor of 1525 and 52?
1
What is the greatest common divisor of 314512 and 9504?
176
Calculate the highest common factor of 19727 and 5.
1
What is the highest common factor of 909092 and 544?
68
What is the greatest common divisor of 255761 and 297?
11
Calculate the greatest common divisor of 125052 and 2091.
51
Calculate the highest common divisor of 20706 and 7917.
609
Calculate the greatest common factor of 966750 and 6000.
750
What is the greatest common factor of 145728 and 782?
46
Calculate the highest common divisor of 756 and 3456.
108
What is the greatest common factor of 117 and 100971?
117
What is the greatest common divisor of 33704 and 57450?
766
Calculate the greatest common factor of 504 and 33390.
126
Calculate the highest common divisor of 5090 and 9215.
5
What is the highest common factor of 84 and 316890?
42
What is the highest common divisor of 12315 and 85?
5
What is the greatest common factor of 5 and 487115?
5
What is the greatest common divisor of 8968 and 557137?
1121
What is the highest common divisor of 4 and 355660?
4
What is the greatest common divisor of 8774 and 54998?
214
What is the highest common factor of 491050 and 8400?
350
What is the greatest common factor of 13182780 and 60?
60
Calculate the greatest common factor of 195 and 170.
5
Calculate the greatest common factor of 420065 and 725.
145
What is the greatest common divisor of 888 and 4551?
111
Calculate the highest common divisor of 114048 and 220.
44
Calculate the greatest common divisor of 606197 and 1141.
163
Calculate the highest common divisor of 1892712 and 408.
408
Calculate the highest common factor of 1349365 and 15.
5
Calculate the highest common divisor of 58944 and 614.
614
Calculate the greatest common divisor of 10525312 and 336.
112
Calculate the highest common divisor of 1265 and 5635.
115
What is the highest common factor of 13267863 and 63?
63
Calculate the greatest common divisor of 56439 and 7.
1
Calculate the highest common factor of 162935 and 10.
5
Calculate the highest common divisor of 27594 and 9.
9
Calculate the highest common factor of 648186 and 6405.
1281
Calculate the greatest common factor of 6424 and 50954.
146
Calculate the greatest common divisor of 209952 and 32.
32
Calculate the greatest common divisor of 917150 and 26.
26
What is the greatest common factor of 841 and 4814?
29
What is the greatest common divisor of 444141 and 1647?
549
What is the highest common factor of 588 and 575799?
147
Calculate the highest common factor of 987 and 343.
7
Calculate the greatest common factor of 310500 and 5865.
345
Calculate the highest common divisor of 80 and 335100.
20
Calculate the highest common factor of 6912 and 1242.
54
What is the highest common factor of 238219 and 422?
211
What is the greatest common divisor of 5 and 328385?
5
What is the highest common divisor of 15640 and 544?
136
What is the greatest common divisor of 7605 and 135720?
585
Calculate the greatest common divisor of 126 and 414603.
63
What is the greatest common factor of 3 and 3547974?
3
Calculate the highest common divisor of 75 and 203745.
15
What is the greatest common divisor of 6615 and 806085?
945
Calculate the greatest common divisor of 78048 and 60.
12
What is the greatest common divisor of 4716 and 33192?
36
What is the highest common factor of 296747 and 265?
53
What is the highest common divisor of 394840 and 20?
20
Calculate the highest common factor of 490 and 28322.
98
Calculate the highest common divisor of 1632 and 848.
16
Calculate the highest common divisor of 66773 and 35.
7
What is the greatest common factor of 7 and 1093491?
7
What is the greatest common divisor of 3558 and 14?
2
Calculate the greatest common divisor of 